 m be 1438/30*j*5. Let q = m - 338. Is q a composite number?
True
Let w = 74591 - -5210. Is w a prime number?
True
Let k(j) = -j**3 - 10*j**2 - 15*j - 10. Let g be k(-8). Let l(n) = 0*n**2 - 24 + 10*n + 7 + n**2. Is l(g) prime?
True
Let g be (-1 - 84/(-30))*1845. Is 2*(-2 - g/(-2)) a composite number?
True
Suppose -19*k + 18*k + 419 = 0. Let w = k - -1400. Is w composite?
True
Let s = 13018 + -4082. Let z = s - 2415. Is z a prime number?
True
Suppose 4*g + 2*d = 1 + 17, 4*g - 15 = d. Suppose 0 = p + 1, 0*p + p + 19949 = g*k. Is k composite?
False
Let q(l) = 242*l**2 + 27*l + 174. Is q(23) prime?
True
Suppose 5*g + 0 = 3*i + 2, -4*i + 5 = g. Suppose 2646 = f + u, i + 3 = -2*u. Suppose 4*x + 4*x = f. Is x a prime number?
True
Is 4*((-174)/(-16))/((-39)/(-26494)) a composite number?
True
Let w(h) = 5*h**2 + 2*h - 3. Let c be 1/4 - (-30)/40. Let p be w(c). Suppose 3*l = 4*x + 1001, -p*x + 635 + 681 = 4*l. Is l a prime number?
True
Is (-110)/(100/20) - -34919 a prime number?
True
Suppose 73985 = -2*j + 199167. Is j composite?
False
Suppose -2*p = -4*x - 11 - 13, p + 4*x + 12 = 0. Suppose 2*n - 5*z - 9399 = -p*z, 0 = -5*n + 3*z + 23498. Is n a composite number?
True
Let v(k) = -12*k**2 + 8*k + 14. Let q be v(8). Let i = 1253 + q. Suppose 3*p = -3*t + 2531 - 830, t + i = p. Is p a composite number?
True
Is 18 - 11 - (1 - (-5420)/(-4)) prime?
True
Let k(w) = -w**2 - 2*w + 36. Let s(g) = 2*g**2 + 2*g - 37. Let t(r) = 7*k(r) + 6*s(r). Let a be t(8). Suppose -7*l = -5*l - a. Is l a composite number?
False
Let o(z) = -42*z**3 + 10*z**2 + 18*z + 26. Let s be o(-11). Let x = 90631 - s. Is x a prime number?
False
Let z(r) = -273*r + 2. Let q be ((-42)/(-63))/(2/(-87)). Is z(q) composite?
False
Let j = -23305 + 43448. Is j a composite number?
False
Suppose -145*j + 27143092 = -12*j - 10475293. Is j a composite number?
True
Is (-6674274)/4*240/(-360) composite?
True
Suppose 0 = 5*z + 25, 2*v - z - 60384 - 247495 = 0. Is v a prime number?
False
Let g(j) = -34*j - 7. Let c(v) be the second derivative of -v**4/12 - 45*v**3/2 - 15*v**2 - 24*v. Let d(s) = -2*c(s) + 9*g(s). Is d(19) a prime number?
False
Let p be (-45750)/(-8) + (-66)/88. Let z = p - -403. Is z a prime number?
True
Let z(c) = -c**2 - 4*c - 4. Let m be z(-2). Suppose -3*l + 639 = -m*l. Let t = 336 - l. Is t a composite number?
True
Let q = 1340 - 543. Suppose -5*n = 2*p - 217 - 1367, p = -5*n + q. Is p composite?
False
Suppose 8037 = b + 5*v - v, 0 = -3*b + 2*v + 24055. Is b composite?
True
Is 30298710/(-195)*((-13)/2 + 3) a prime number?
False
Suppose 5*d = -8*t + 76713, -207*d + 30710 = -205*d - 3*t. Is d a composite number?
False
Suppose -51 - 3 = 2*c. Let q = c + 39. Suppose 4190 = q*s - 2*s. Is s a prime number?
True
Suppose f - 10 = 4*w, -f + 5*w + 21 = -4*f. Let j = -2 - -2. Is j/(-3 - (f + 0)) - -7273 prime?
False
Let i(b) = -7*b**3 + 156*b**2 + 18*b + 27. Is i(16) composite?
False
Let r = 20 - -4. Suppose -5*w + r = -1. Suppose -s + 3 = 0, w*s = -l + s + 373. Is l composite?
True
Suppose 0 = 7*q - 5*q - 6. Is 9/6*9182/q prime?
True
Let z be 2 - (6/(-27) + 658/126). Let n(x) = -480*x - 77. Is n(z) composite?
True
Is 4126864/30 + (-86)/(-129) - 1/(-5) prime?
False
Suppose 3*g = -25 + 19. Let l be 6/2 - (-1141 + g). Is (42 + -43)/((-1148)/l + 1) prime?
False
Suppose -55*s - 14*s + 7814181 = 0. Is s a composite number?
True
Let d be (2/(-1) - 78)*-1. Let x be (3/(15/(-178)))/(8/d). Let u = x - -555. Is u a prime number?
True
Let z be -9*(9 - 8)*(4 - 0). Is 35886*((-150)/z)/25 prime?
True
Suppose -563427 - 212719 = -14*k. Is k a prime number?
True
Let s(w) = 6*w - 16. Let n be s(0). Is (3356/(-14))/(2 - n/(-7)) a composite number?
False
Suppose -15*v + 11*v = 1876. Let l(d) = -42*d - 24. Let f be l(-22). Let y = f + v. Is y composite?
False
Suppose 0 = 43*x - 138700 - 2073349. Is x composite?
True
Let l(y) = 64*y**2 - 5*y - 5. Let b be l(-10). Is 11/22 + (0 - b/(-2)) prime?
False
Suppose -5*j = -5*z - 32990, -5*j + 19802 = -2*j - z. Is (0/(-5) - -7) + j composite?
True
Suppose -f + 2*x = 3*x - 4, 8 = 2*f - 4*x. Suppose 5*t + f*q - 17 = 0, -4*t + 33 = -3*q + 7. Suppose t*o - 3*w = -0*w + 2819, 2*o + 3*w = 1136. Is o prime?
False
Let a = 11314 - -19974. Let r = a + -14957. Is r a composite number?
True
Let s(h) = -47*h**2 - 4*h - 3. Let p be s(-1). Let f = 11 + p. Let b = f + 514. Is b a composite number?
False
Let t(g) = 11*g**3 - 3*g**2 - 3*g + 6. Let i be t(1). Suppose i*f - 140233 = 80746. Is f composite?
False
Suppose -38*p + 23802094 = 188*p. Is p a prime number?
True
Let x(w) = -w**3 + 2*w**2 + 7*w - 10. Let n be x(2). Let u(s) = 880*s + 51. Is u(n) a composite number?
False
Let k = 372 + -337. Is (k/15 + -3)*4689/(-6) prime?
True
Suppose -2137*y = -2130*y - 181069. Is y a composite number?
False
Let w be ((-218)/3)/((-12)/18). Let i = w + 4300. Is i a prime number?
True
Suppose 3*x - 147138 = -2*l, 6*l + 5*x = 9*l - 220783. Is l composite?
True
Let b(q) = 9*q**3 + 6*q**2 + 13*q + 13. Let p be b(10). Suppose -8*n + p = -24393. Is n composite?
True
Let f(b) = -4413*b + 48. Let o be f(-1). Let a = o - -6100. Is a prime?
False
Let l = -10824 - -89855. Is l composite?
False
Let k(j) = 12*j**2 - 4*j + 17. Let i(y) = -36*y**2 + 12*y - 51. Let u(w) = -3*i(w) - 8*k(w). Let c be u(-6). Suppose 0 = 20*s - 19*s - c. Is s prime?
False
Suppose -5*w = 3*y + 11, -2*y - 14 = 5*w - 0*w. Let j(u) = u + 4. Let b be j(-4). Suppose b = y*v - 2562 - 411. Is v a composite number?
False
Suppose 0 = 2*l - 10405 - 813. Is l prime?
False
Let n(q) = 483*q**2 + 73*q + 11. Let r be n(-9). Let p = r + -26614. Is p a composite number?
False
Suppose -v + 88232 = 5*d, 712*v + 52932 = 3*d + 715*v. Is d composite?
True
Suppose 0 = 3*z + f - 24551 + 3721, 4*z + f - 27771 = 0. Is z a prime number?
False
Let r(y) = -2*y - 33. Let o be r(-8). Let p(a) = -3*a**2 + 38*a + 22. Let m be p(o). Let g = 2890 + m. Is g composite?
False
Suppose -108*r = -210*r + 16859274. Is r a prime number?
True
Suppose 659 = -3*i + 647. Is (-3)/(-2) - (-4 - (-8182)/i) prime?
False
Is 147652/(-1)*4/(-16) a composite number?
False
Let d = 159 + -15. Let u = -55 + d. Is u a composite number?
False
Let v(w) = 5*w - 119. Let n be v(29). Suppose -n*u = -10*u - 30704. Is u a prime number?
False
Let t(b) = 4*b**3 + 6*b**2 - 5*b + 23. Let f(g) = 5*g**3 + 5*g**2 - 5*g + 23. Let n(l) = -3*f(l) + 4*t(l). Let k be n(-10). Is (18/k)/((-2)/4869) prime?
False
Let o = 2024 + 338. Is o prime?
False
Suppose -859*i + 775*i - 1920362 = -9855758. Is i a prime number?
False
Suppose 48*z - 1114233 = -45*z. Is z prime?
True
Let t = 125993 + -66450. Is t a composite number?
True
Suppose -216*m + 24*m = -58741367 - 29360329. Is m a prime number?
True
Let t(u) be the first derivative of 2*u - 487/2*u**2 - 3. Is t(-1) a prime number?
False
Let z(u) = u**2 - 3*u + 51. Let l be ((-24)/(-8))/9*0. Is z(l) a composite number?
True
Let w(c) = -53*c - 152 + 72 + 158. Let y(i) = -54*i + 77. Let j(k) = -4*w(k) + 3*y(k). Is j(25) a composite number?
True
Let v(a) = -18*a + 68. Let u be v(4). Let d(h) = -979*h + 73. Is d(u) prime?
True
Let w be (-27)/15*85/(-51). Suppose -6*r - h + 1703 = -4*r, h + w = 0. Is r a prime number?
True
Let x(p) be the first derivative of 11*p**4/3 + p**3/3 - 3*p**2/2 - 8*p - 7. Let r(z) be the first derivative of x(z). Is r(4) composite?
False
Let x(y) = 13*y + 455. Let a be x(-35). Suppose 7 = -3*n + 4*n. Suppose a = 4*v + n + 1, 0 = o + 3*v - 113. Is o composite?
True
Suppose -11*u = -6*u - 770. Suppose -7*a + 7 = -21. Let w = a + u. Is w composite?
True
Let t = -14 + 16. Suppose -t*j + 5*x + 12978 = -0*x, 3*j + 3*x - 19446 = 0. Suppose 5*y - 8332 = -3*l, 4*l - j - 4633 = y. Is l composite?
True
Let b(z) = -171*z - 749. Is b(-58) prime?
False
Suppose 4*k = -3*a + 294242, k + 294230 = 5*k - 3*a. Is k prime?
False
Let o = 106920 - -51079. Is o prime?
True
Suppose 0 = p - 4*j - 10, 5*p - j - j = 68. Suppose 0 = -q + 10092 + 10862. Is q/6 - p/(-21) a composite number?
True
Suppose 0 = 4310*a - 4301*a - 402561. Is a a prime number?
True
Is 4/(-42) - 379*2461/(-483) a composite number?
False
Suppose -4263 + 11738 = 5*i. Suppose -3*g + 3495 = 3*m, 3*g - 5829 = -2*g - m. Let n = g + i. Is n prime?
False
Let p = 25861 - 37675. Is ((-39)/(-13))/((-18)/p) composite?
T